{"id":16,"date":"2023-04-21T22:04:32","date_gmt":"2023-04-21T20:04:32","guid":{"rendered":"https:\/\/cyclo-les-copains-de-wavre.be\/?page_id=16"},"modified":"2026-04-21T16:16:07","modified_gmt":"2026-04-21T14:16:07","slug":"contact","status":"publish","type":"page","link":"https:\/\/cyclo-les-copains-de-wavre.be\/?page_id=16","title":{"rendered":"Contact"},"content":{"rendered":"\r\n<p>&nbsp;<\/p>\r\n<p><img loading=\"lazy\" decoding=\"async\" class=\"alignnone  wp-image-250\" src=\"https:\/\/cyclo-les-copains-de-wavre.be\/wp-content\/uploads\/2024\/02\/email-300x284.jpeg\" alt=\"\" width=\"106\" height=\"100\" srcset=\"https:\/\/cyclo-les-copains-de-wavre.be\/wp-content\/uploads\/2024\/02\/email-300x284.jpeg 300w, https:\/\/cyclo-les-copains-de-wavre.be\/wp-content\/uploads\/2024\/02\/email.jpeg 474w\" sizes=\"auto, (max-width: 106px) 100vw, 106px\" \/><\/p>\r\n<p>Pour toutes les <strong>demandes d&rsquo;information et inscription<\/strong> au club envoyer un e-mail \u00e0:<\/p>\r\n\r\n\r\n\r\n<p><a href=\"mailto: contact@cyclo-les-copains-de-wavre.be\" data-type=\"mailto\" data-id=\"mailto: contact@cyclo-les-copains-de-wavre.be\">contact@cyclo-les-copains-de-wavre.be<\/a><\/p>\r\n<p>Les messages sont pr\u00e9lev\u00e9s chaque semaine, donc attendez en une r\u00e9ponse dans les 5 jours ouvrables.<\/p>\r\n<p>Toutes les <strong>informations pertinentes pour inscription<\/strong> sont d\u00e9crites <a href=\"https:\/\/cyclo-les-copains-de-wavre.be\/wp-content\/uploads\/2026\/04\/Renseignements-inscription.pdf\" target=\"_blank\" rel=\"noopener\">ici (fichier PDF)<\/a>.<\/p>\r\n","protected":false},"excerpt":{"rendered":"<p>&nbsp; Pour toutes les demandes d&rsquo;information et inscription au club envoyer un e-mail \u00e0: contact@cyclo-les-copains-de-wavre.be Les messages sont pr\u00e9lev\u00e9s chaque semaine, donc attendez en une r\u00e9ponse dans les 5 jours ouvrables. Toutes les informations pertinentes pour inscription sont d\u00e9crites ici &hellip; <a href=\"https:\/\/cyclo-les-copains-de-wavre.be\/?page_id=16\">Continuer la lecture <span class=\"meta-nav\">&rarr;<\/span><\/a><\/p>\n","protected":false},"author":1,"featured_media":0,"parent":14,"menu_order":0,"comment_status":"closed","ping_status":"closed","template":"","meta":{"footnotes":""},"class_list":["post-16","page","type-page","status-publish","hentry"],"_links":{"self":[{"href":"https:\/\/cyclo-les-copains-de-wavre.be\/index.php?rest_route=\/wp\/v2\/pages\/16","targetHints":{"allow":["GET"]}}],"collection":[{"href":"https:\/\/cyclo-les-copains-de-wavre.be\/index.php?rest_route=\/wp\/v2\/pages"}],"about":[{"href":"https:\/\/cyclo-les-copains-de-wavre.be\/index.php?rest_route=\/wp\/v2\/types\/page"}],"author":[{"embeddable":true,"href":"https:\/\/cyclo-les-copains-de-wavre.be\/index.php?rest_route=\/wp\/v2\/users\/1"}],"replies":[{"embeddable":true,"href":"https:\/\/cyclo-les-copains-de-wavre.be\/index.php?rest_route=%2Fwp%2Fv2%2Fcomments&post=16"}],"version-history":[{"count":9,"href":"https:\/\/cyclo-les-copains-de-wavre.be\/index.php?rest_route=\/wp\/v2\/pages\/16\/revisions"}],"predecessor-version":[{"id":571,"href":"https:\/\/cyclo-les-copains-de-wavre.be\/index.php?rest_route=\/wp\/v2\/pages\/16\/revisions\/571"}],"up":[{"embeddable":true,"href":"https:\/\/cyclo-les-copains-de-wavre.be\/index.php?rest_route=\/wp\/v2\/pages\/14"}],"wp:attachment":[{"href":"https:\/\/cyclo-les-copains-de-wavre.be\/index.php?rest_route=%2Fwp%2Fv2%2Fmedia&parent=16"}],"curies":[{"name":"wp","href":"https:\/\/api.w.org\/{rel}","templated":true}]}}