{"id":15,"date":"2023-04-21T22:04:32","date_gmt":"2023-04-21T20:04:32","guid":{"rendered":"https:\/\/cyclo-les-copains-de-wavre.be\/?page_id=15"},"modified":"2023-04-28T10:26:52","modified_gmt":"2023-04-28T08:26:52","slug":"about","status":"publish","type":"page","link":"https:\/\/cyclo-les-copains-de-wavre.be\/?page_id=15","title":{"rendered":"Au sujet de l&rsquo;Amicale"},"content":{"rendered":"\n<p>Notre Amicale sous la d\u00e9nomination \u00ab\u00a0Les Copains de Wavre\u00a0\u00bb a pris naissance en 1991 \u00e0 l&rsquo;initiative d&rsquo;un cycliste convaincu : <a href=\"file:\/\/\/C:\/Users\/Pedro-T440S\/Documents\/MyDocuments\/ACCW\/site_wavre\/club.html#\">Emile Demanet<\/a>. A cette \u00e9poque, le club comptait 24 membres assidus.<\/p>\n\n\n\n<p>&nbsp; &nbsp; &nbsp; Actuellement, notre club fonctionne avec Jean-Luc Dupont comme pr\u00e9sident, Andr\u00e9 Bierlier \u00e9tant notre pr\u00e9sident d&rsquo;honneur. Nous comptons aujourd&rsquo;hui 80 membres r\u00e9partis en quatre groupes en fonction des ambitions sportives et des performances de chacun.<\/p>\n\n\n\n<p>&nbsp; &nbsp; &nbsp; &nbsp; &nbsp;&nbsp; Chaque ann\u00e9e, sont organis\u00e9s, par le comit\u00e9 ou l&rsquo;un ou l&rsquo;autre membre, un ou deux s\u00e9jours exceptionnels \u00e0 l&rsquo;\u00e9tranger. Merci \u00e0 Claude Renson qui a initi\u00e9 ces nouvelles activit\u00e9s au sein du Club et s&rsquo;en est occup\u00e9 durant de nombreuses ann\u00e9es.<\/p>\n\n\n\n<p>&nbsp; &nbsp; &nbsp; &nbsp; &nbsp; Nos sorties dominicales sont pilot\u00e9es par des g\u00e9ographes de g\u00e9nie qui connaissent toutes les routes de notre r\u00e9gion dans les moindres d\u00e9tails, naviguant sans boussole, ils nous ram\u00e8nent toujours \u00e0 notre point de d\u00e9part.<br>&nbsp;&nbsp;&nbsp; &nbsp;&nbsp;&nbsp; &nbsp;&nbsp;&nbsp; Merci aux capitaines de groupe.<\/p>\n\n\n\n<p><small>En plus de nos sorties dominicales, des sorties sont organis\u00e9es en semaine pour les joyeux pensionn\u00e9s (et les autres),&nbsp;tous les mardis et jeudis 52 semaines par an si la m\u00e9t\u00e9o le permet&nbsp;!<\/small><br><br>&nbsp;&nbsp;&nbsp;&nbsp;&nbsp;&nbsp;&nbsp;&nbsp; Notre Club n&rsquo;a pas v\u00e9cu que des \u00e9v\u00e8nements heureux, ainsi nous d\u00e9plorons la perte d&rsquo;un ami cher \u00e0 tous en la personne de <a href=\"file:\/\/\/C:\/Users\/Pedro-T440S\/Documents\/MyDocuments\/ACCW\/site_wavre\/club.html#\">Fred Van Muylder<\/a>, d\u00e9c\u00e9d\u00e9 le 14 septembre 2008 en plein exercice de son sport. Fred \u00e9tait un virtuose de la technique cycliste, il pouvait d\u00e9panner n&rsquo;importe quel v\u00e9lo avec les moyens du bord.<\/p>\n\n\n\n<p>&nbsp; &nbsp; &nbsp; &nbsp; &nbsp;&nbsp; Que vous soyez sportif, ou moins sportif, que vous soyez \u00ab\u00a0il\u00a0\u00bb ou \u00ab\u00a0elle\u00a0\u00bb vous trouverez chez nous un groupe qui vous conviendra pour la pratique de votre sport favori. S\u00e9lectionnez la page \u00ab\u00a0<a href=\"file:\/\/\/C:\/Users\/Pedro-T440S\/Documents\/MyDocuments\/ACCW\/site_wavre\/contact.html\">Contact<\/a>\u00ab\u00a0, inscrivez-vous ou demandez des renseignements par Email, par t\u00e9l\u00e9phone ou plus simplement venez nous rejoindre \u00e0 notre lieu de d\u00e9part un mardi, un jeudi ou un dimanche matin.<small><br><\/small><br>&nbsp; &nbsp; &nbsp; &nbsp; &nbsp; &nbsp; &nbsp;Amicalement et \u00e0 bient\u00f4t,<br><br>&nbsp;&nbsp;&nbsp; &nbsp;&nbsp;&nbsp; &nbsp;&nbsp;&nbsp; &nbsp;&nbsp;&nbsp; &nbsp;&nbsp;&nbsp; Votre comit\u00e9<\/p>\n","protected":false},"excerpt":{"rendered":"<p>Notre Amicale sous la d\u00e9nomination \u00ab\u00a0Les Copains de Wavre\u00a0\u00bb a pris naissance en 1991 \u00e0 l&rsquo;initiative d&rsquo;un cycliste convaincu : Emile Demanet. A cette \u00e9poque, le club comptait 24 membres assidus. &nbsp; &nbsp; &nbsp; Actuellement, notre club fonctionne avec Jean-Luc &hellip; <a href=\"https:\/\/cyclo-les-copains-de-wavre.be\/?page_id=15\">Continuer la lecture <span class=\"meta-nav\">&rarr;<\/span><\/a><\/p>\n","protected":false},"author":1,"featured_media":0,"parent":14,"menu_order":0,"comment_status":"closed","ping_status":"closed","template":"","meta":{"footnotes":""},"class_list":["post-15","page","type-page","status-publish","hentry"],"_links":{"self":[{"href":"https:\/\/cyclo-les-copains-de-wavre.be\/index.php?rest_route=\/wp\/v2\/pages\/15","targetHints":{"allow":["GET"]}}],"collection":[{"href":"https:\/\/cyclo-les-copains-de-wavre.be\/index.php?rest_route=\/wp\/v2\/pages"}],"about":[{"href":"https:\/\/cyclo-les-copains-de-wavre.be\/index.php?rest_route=\/wp\/v2\/types\/page"}],"author":[{"embeddable":true,"href":"https:\/\/cyclo-les-copains-de-wavre.be\/index.php?rest_route=\/wp\/v2\/users\/1"}],"replies":[{"embeddable":true,"href":"https:\/\/cyclo-les-copains-de-wavre.be\/index.php?rest_route=%2Fwp%2Fv2%2Fcomments&post=15"}],"version-history":[{"count":3,"href":"https:\/\/cyclo-les-copains-de-wavre.be\/index.php?rest_route=\/wp\/v2\/pages\/15\/revisions"}],"predecessor-version":[{"id":90,"href":"https:\/\/cyclo-les-copains-de-wavre.be\/index.php?rest_route=\/wp\/v2\/pages\/15\/revisions\/90"}],"up":[{"embeddable":true,"href":"https:\/\/cyclo-les-copains-de-wavre.be\/index.php?rest_route=\/wp\/v2\/pages\/14"}],"wp:attachment":[{"href":"https:\/\/cyclo-les-copains-de-wavre.be\/index.php?rest_route=%2Fwp%2Fv2%2Fmedia&parent=15"}],"curies":[{"name":"wp","href":"https:\/\/api.w.org\/{rel}","templated":true}]}}

<p>Notre Amicale sous la dénomination « Les Copains de Wavre » a pris naissance en 1991 à l&rsquo;initiative d&rsquo;un cycliste convaincu : <a href="file:///C:/Users/Pedro-T440S/Documents/MyDocuments/ACCW/site_wavre/club.html#">Emile Demanet</a>. A cette époque, le club comptait 24 membres assidus.</p>



<p>&nbsp; &nbsp; &nbsp; Actuellement, notre club fonctionne avec Jean-Luc Dupont comme président, André Bierlier étant notre président d&rsquo;honneur. Nous comptons aujourd&rsquo;hui 80 membres répartis en quatre groupes en fonction des ambitions sportives et des performances de chacun.</p>



<p>&nbsp; &nbsp; &nbsp; &nbsp; &nbsp;&nbsp; Chaque année, sont organisés, par le comité ou l&rsquo;un ou l&rsquo;autre membre, un ou deux séjours exceptionnels à l&rsquo;étranger. Merci à Claude Renson qui a initié ces nouvelles activités au sein du Club et s&rsquo;en est occupé durant de nombreuses années.</p>



<p>&nbsp; &nbsp; &nbsp; &nbsp; &nbsp; Nos sorties dominicales sont pilotées par des géographes de génie qui connaissent toutes les routes de notre région dans les moindres détails, naviguant sans boussole, ils nous ramènent toujours à notre point de départ.<br>&nbsp;&nbsp;&nbsp; &nbsp;&nbsp;&nbsp; &nbsp;&nbsp;&nbsp; Merci aux capitaines de groupe.</p>



<p><small>En plus de nos sorties dominicales, des sorties sont organisées en semaine pour les joyeux pensionnés (et les autres),&nbsp;tous les mardis et jeudis 52 semaines par an si la météo le permet&nbsp;!</small><br><br>&nbsp;&nbsp;&nbsp;&nbsp;&nbsp;&nbsp;&nbsp;&nbsp; Notre Club n&rsquo;a pas vécu que des évènements heureux, ainsi nous déplorons la perte d&rsquo;un ami cher à tous en la personne de <a href="file:///C:/Users/Pedro-T440S/Documents/MyDocuments/ACCW/site_wavre/club.html#">Fred Van Muylder</a>, décédé le 14 septembre 2008 en plein exercice de son sport. Fred était un virtuose de la technique cycliste, il pouvait dépanner n&rsquo;importe quel vélo avec les moyens du bord.</p>



<p>&nbsp; &nbsp; &nbsp; &nbsp; &nbsp;&nbsp; Que vous soyez sportif, ou moins sportif, que vous soyez « il » ou « elle » vous trouverez chez nous un groupe qui vous conviendra pour la pratique de votre sport favori. Sélectionnez la page « <a href="file:///C:/Users/Pedro-T440S/Documents/MyDocuments/ACCW/site_wavre/contact.html">Contact</a>« , inscrivez-vous ou demandez des renseignements par Email, par téléphone ou plus simplement venez nous rejoindre à notre lieu de départ un mardi, un jeudi ou un dimanche matin.<small><br></small><br>&nbsp; &nbsp; &nbsp; &nbsp; &nbsp; &nbsp; &nbsp;Amicalement et à bientôt,<br><br>&nbsp;&nbsp;&nbsp; &nbsp;&nbsp;&nbsp; &nbsp;&nbsp;&nbsp; &nbsp;&nbsp;&nbsp; &nbsp;&nbsp;&nbsp; Votre comité</p>

<p>Notre Amicale sous la dénomination « Les Copains de Wavre » a pris naissance en 1991 à l&rsquo;initiative d&rsquo;un cycliste convaincu : Emile Demanet. A cette époque, le club comptait 24 membres assidus. &nbsp; &nbsp; &nbsp; Actuellement, notre club fonctionne avec Jean-Luc &hellip; <a href="https://cyclo-les-copains-de-wavre.be/?page_id=15">Continuer la lecture <span class="meta-nav">&rarr;</span></a></p>
